vided by a?
24
Let p(q) be the third derivative of 11*q**4/24 - 7*q**3/6 + 36*q**2. What is the remainder when 14 is divided by p(1)?
2
Let q(a) = -2*a**2 - 53*a + 116. Suppose -5*w + 576 = w. Calculate the remainder when q(-25) is divided by w.
95
Let b = -1857 + 1926. Let x be (-70)/(-2) - (-1)/1. Let h = -26 + x. What is the remainder when b is divided by h?
9
Suppose 3*k + t - 314 = 0, -4*k - 4*t + 471 - 39 = 0. Let j = -99 + k. What is the remainder when 23 is divided by (70/j - -2)*6/9?
10
Let s = -19 - -17. Let a be ((-2)/s)/((-13)/39). Calculate the remainder when 139 is divided by a*15/(-9)*7.
34
Let h = -5998 + 6026. Calculate the remainder when 964 is divided by h.
12
Suppose 33 = -10*t + 153. Calculate the remainder when (-4)/(t/(-93)) + (-9 - -6) is divided by 7.
0
Let r(b) = b**2 + 10*b + 14. Let u be r(-9). Suppose -3*m + 4 = 3*v - m, 3*v + m = u. What is the remainder when (v/6)/(5/480) is divided by 12?
8
Let f(l) = -14*l**3 - 2*l**2 - 2*l - 1. Let i = -475 - -473. Calculate the remainder when i + 2148/28 - 18/(-63) is divided by f(-1).
10
Let b(c) = -6*c**2 + 87*c - 158. Calculate the remainder when 91 is divided by b(12).
3
Suppose 445 = -3*h - 2*w, 6*w = -4*h + 4*w - 590. Let q = -85 - h. Calculate the remainder when 235 is divided by q.
55
Let w be -1*8/36 + (-76)/(-18). Suppose -7*v - 4*s = -w*v - 466, 2*s - 638 = -4*v. Let j(f) = -6*f + 7. Calculate the remainder when v is divided by j(-8).
52
Let k(b) = -10*b - 181. Let z(h) = -h**2 - 34*h + 261. Let m be z(7). Suppose 0 = -3*a + 5*a - 42. What is the remainder when k(m) is divided by a?
16
Suppose 3*j - 3 = 2*j. Let g be ((-194)/388)/((-1)/130). Suppose j*l - 8*l = -g. What is the remainder when 50 is divided by l?
11
Let x(a) = -100*a + 291. What is the remainder when x(0) is divided by 60?
51
Let d = 25073 - 10733. Calculate the remainder when d is divided by 326.
322
Let p = -102 - -144. Let n = 54 - -22. Let s = 98 - n. What is the remainder when p is divided by s?
20
Suppose -2*t + 4 = -6. Suppose -8*b + 3*b = 2*a + 2, 0 = t*a - 5*b - 30. Let j = 579 - 576. What is the remainder when a is divided by j?
1
Let z(c) = c**3 - 7*c**2 + 6*c + 1. Let q = -8 + 14. Let g(s) = -s**3 + 6*s**2 + 3*s - 12. Let f be g(q). Calculate the remainder when 1 is divided by z(f).
0
Let t = 13588 + -11389. What is the remainder when t is divided by 91?
15
Let d(o) = 4*o**3 + 1. Let m be d(1). Let s(b) = 33*b**2 + 89*b + 92. Let l be s(-1). Suppose m*u - 29 - l = 0. What is the remainder when 38 is divided by u?
12
Let z = -122 + 130. Calculate the remainder when 50 is divided by 5*18/(-15) + z.
0
Let v = -605 - -910. Let q = -242 + v. What is the remainder when q is divided by 4?
3
Suppose -2*d + 820 = 4*z, 38*d + 2*z = 36*d + 820. What is the remainder when d is divided by 232?
178
Let w = 29508 - 29472. What is the remainder when 1000 is divided by w?
28
Let m(r) = -10 + r**2 - 572*r + 0 - 22 + 553*r. Let f = 20 + 2. Calculate the remainder when m(f) is divided by 4.
2
Suppose -11 = -5*h + 3*k, 7*k + 9 = 3*h + 4*k. Calculate the remainder when (h - 0) + 3731/7 is divided by 67.
65
Let s(a) = 10*a + 4. Let w(d) = -72*d + 12. Let b be w(3). Let f = -72 - b. Calculate the remainder when f is divided by s(3).
30
Let v(z) = 99*z + 2852. What is the remainder when v(30) is divided by 104?
102
Let a(k) be the third derivative of -7*k**4/24 + k**3 + 17*k**2. Calculate the remainder when a(-12) is divided by 50.
40
Let b = 12462 + -12455. What is the remainder when 787 is divided by b?
3
Suppose -24*w + 0*w - 632 + 3368 = 0. What is the remainder when w is divided by 14?
2
Let v be ((-56)/(-35)*5)/2. Calculate the remainder when 7 is divided by (4/v)/(15/60).
3
Let y = 77 - 68. Let b(l) = -l**3 + 27*l**2 + 65*l - 200. Calculate the remainder when y is divided by b(29).
0
Let t(v) = 42*v + 46*v - 26 + 55*v. Calculate the remainder when t(1) is divided by 10.
7
Let l(k) = 15*k**2 - 2*k + 12. Calculate the remainder when 609 is divided by l(2).
65
Suppose 10*x - 2274 = -2*x + 9918. What is the remainder when x is divided by 338?
2
Let z = -32210 - -32241. What is the remainder when z is divided by 19?
12
Let a(i) = -46*i + 14. Let l be a(-1). Suppose -2*x - 4*h + l = 0, 3*x - 49 = -4*h + 41. What is the remainder when 117 is divided by x?
27
Suppose -41*m - 55 = -52*m. Suppose -u = -3*k - 414, 2*u - 608 = -m*k + 165. What is the remainder when u is divided by 40?
39
Let p = -1083 + 2165. Suppose -17*z + p = -1247. What is the remainder when z is divided by 23?
22
Let m(v) = -2*v**2 + 24*v - 14. Suppose -9 = 12*t - 16*t - 5*x, -12 = 4*x. What is the remainder when 403 is divided by m(t)?
55
Suppose 4*p - 2 = -2*h, -3*p + 0*p = -h + 26. Calculate the remainder when h is divided by 18/(0 - 2)*(6 + (-200)/30).
5
Suppose n + 3*a + 2*a = 5, 5*n - 140 = -2*a. Suppose -4*g + 288 = -12*g. Calculate the remainder when n is divided by g/(-2) - (-4 + 4)/11.
12
Suppose 2*i + 3*i - 245 = 0. Suppose -170 = -54*k + i*k. Calculate the remainder when 60 is divided by k.
26
Suppose 0 = 3*g - 2762 + 635. Let x = -494 + g. Suppose 3*h + 3*v = 117, 6*h - h - x = -v. What is the remainder when h is divided by 12?
8
Let i(r) = -7*r + 14. Let t be i(-10). Suppose -t = -3*m + 2*m. Let v(n) = 30*n + 352. What is the remainder when m is divided by v(-11)?
18
Let k = -24704 - -24858. Calculate the remainder when 1247 is divided by k.
15
Let q(r) = 116*r + 73. Let k be q(6). Let h = -213 + k. Calculate the remainder when h is divided by 40.
36
Let c(u) = -9*u + 2. Let y be c(-2). Suppose 0 = 5*b - y - 0. Let t = -5839 + 5854. Calculate the remainder when t is divided by b.
3
What is the remainder when 1001 is divided by (74/6 - 12)/((-2)/4734*-3)?
212
Let g = 3006 + -2867. Calculate the remainder when g is divided by 20.
19
Let f = 370 + -318. Suppose -326 - f = -2*s. Calculate the remainder when s is divided by 45.
9
Suppose 57 = -16*c + 40*c - 255. Calculate the remainder when 1337 is divided by c.
11
Suppose -2*u - 2*t + 80 = 0, 388*t - 390*t = -3*u + 130. Suppose 7*m - 393 = 4*m. What is the remainder when m is divided by u?
5
Suppose -312 = 9*t - 1382 - 604. Calculate the remainder when t is divided by 44.
10
Let u = 427 - 418. Let v(f) be the first derivative of f**4/4 - 3*f**3 + f**2/2 + 10*f + 2. What is the remainder when 72 is divided by v(u)?
15
Calculate the remainder when (285/(-45) - 2/(-6)) + 246 + -7 is divided by 2 + 56 + 0 + 3.
50
Let c = 13682 + -13554. What is the remainder when 280 is divided by c?
24
Let z(o) = o**2 + o - 9. Suppose -5*k = d + 25, -6*k - 3*d = -3*k + 27. Let a be z(k). What is the remainder when 12 is divided by -2 + -4 + a + 9?
0
Let d = -2965 + 3367. What is the remainder when 816 is divided by d?
12
Let r(o) = -o**2 - 2*o + 87. Let w be r(-10). Suppose w*n - 164 = 1082. What is the remainder when n is divided by 14?
10
Let x = 3511 + -3382. Calculate the remainder when x is divided by 83.
46
Let q be 8 - -2 - (0 - 0). Let d = q + 5. Suppose 5*p - 8*v - 100 = -13*v, 4*p - 80 = -5*v. What is the remainder when p is divided by d?
5
Suppose -27 = -6*t + 147. Let s(w) = -46*w - 2101. What is the remainder when t is divided by s(-46)?
14
Let v = 1088 + -829. Suppose -2*s + 9*k + v = 14*k, -5*k = -5*s + 700. What is the remainder when s is divided by 43?
8
Let x = 11804 + -10133. Calculate the remainder when x is divided by 38.
37
Suppose -12*k - 10*k - 62 = -524. What is the remainder when 944 is divided by k?
20
Let z = -10 + 16. Suppose a - 2*k = 42, -9*a + 171 = -6*a + 3*k. What is the remainder when a is divided by z?
4
Let y = -375 + 391. What is the remainder when 2*-2*106/(-8) is divided by (y/(-20))/((72/210)/(-6))?
11
Suppose 452*k = 446*k + 1491 + 1821. Calculate the remainder when k is divided by 142.
126
What is the remainder when (-2684)/(-9) - 2/9 is divided by 29?
8
Suppose 2*k + 0*k = j + 20, -k - 1 = 5*j. Let g(i) = -i**3 + 10*i**2 - 6*i + 9. Suppose 4*a - 318 = a. Calculate the remainder when a is divided by g(k).
34
Suppose 0 = 4*n + 4*w - 56, -40*n - 4*w = -35*n - 74. Calculate the remainder when 212 is divided by n.
14
Let x(z) = -18 + 142*z - 16 + 11. Calculate the remainder when x(1) is divided by 20.
19
Let j(m) be the first derivative of 7*m**3/3 - 46. Calculat